{"id":2162,"date":"2025-05-23T19:11:22","date_gmt":"2025-05-23T19:11:22","guid":{"rendered":"https:\/\/softdrop.es\/?post_type=product&#038;p=2162"},"modified":"2025-05-23T19:12:34","modified_gmt":"2025-05-23T19:12:34","slug":"amd-ryzen-9-7950x-procesador-de-alto-rendimiento","status":"publish","type":"product","link":"https:\/\/softdrop.es\/?product=amd-ryzen-9-7950x-procesador-de-alto-rendimiento","title":{"rendered":"AMD Ryzen 9 7950X \u2013 Procesador de Alto Rendimiento"},"content":{"rendered":"<p>El <strong data-start=\"3\" data-end=\"24\">AMD Ryzen 9 7950X<\/strong> es un procesador de alto rendimiento dise\u00f1ado para entusiastas, creadores de contenido y gamers exigentes. Con su arquitectura Zen 4 y soporte para tecnolog\u00edas de \u00faltima generaci\u00f3n como DDR5 y PCIe 5.0, ofrece un rendimiento excepcional en tareas intensivas y juegos de alta gama<\/p>\n<h3 data-start=\"429\" data-end=\"465\">\u2699\ufe0f <strong data-start=\"436\" data-end=\"465\">Especificaciones T\u00e9cnicas<\/strong><\/h3>\n<ul data-start=\"466\" data-end=\"1533\">\n<li data-start=\"466\" data-end=\"525\">\n<p data-start=\"468\" data-end=\"525\"><strong data-start=\"468\" data-end=\"484\">Arquitectura<\/strong>: <span class=\"relative -mx-px my-[-0.2rem] rounded px-px py-[0.2rem] transition-colors duration-100 ease-in-out\">Zen 4 (Raphael)<\/span><\/p>\n<\/li>\n<li data-start=\"526\" data-end=\"543\">\n<p data-start=\"528\" data-end=\"543\"><strong data-start=\"528\" data-end=\"538\">Socket<\/strong>: AM5<\/p>\n<\/li>\n<li data-start=\"544\" data-end=\"606\">\n<p data-start=\"546\" data-end=\"606\"><strong data-start=\"546\" data-end=\"565\">N\u00facleos \/ Hilos<\/strong>: <span class=\"relative -mx-px my-[-0.2rem] rounded px-px py-[0.2rem] transition-colors duration-100 ease-in-out\">16 \/ 32<\/span><\/p>\n<\/li>\n<li data-start=\"607\" data-end=\"669\">\n<p data-start=\"609\" data-end=\"669\"><strong data-start=\"609\" data-end=\"628\">Frecuencia base<\/strong>: <span class=\"relative -mx-px my-[-0.2rem] rounded px-px py-[0.2rem] transition-colors duration-100 ease-in-out\">4,5 GHz<\/span><\/p>\n<\/li>\n<li data-start=\"670\" data-end=\"733\">\n<p data-start=\"672\" data-end=\"733\"><strong data-start=\"672\" data-end=\"692\">Frecuencia turbo<\/strong>: <span class=\"relative -mx-px my-[-0.2rem] rounded px-px py-[0.2rem] transition-colors duration-100 ease-in-out\">hasta 5,7 GHz<\/span><\/p>\n<\/li>\n<li data-start=\"734\" data-end=\"890\">\n<p data-start=\"736\" data-end=\"746\"><strong data-start=\"736\" data-end=\"745\">Cach\u00e9<\/strong>:<\/p>\n<ul data-start=\"749\" data-end=\"890\">\n<li data-start=\"749\" data-end=\"794\">\n<p data-start=\"751\" data-end=\"794\">L1: <span class=\"relative -mx-px my-[-0.2rem] rounded px-px py-[0.2rem] transition-colors duration-100 ease-in-out\">1 MB (64 KB por n\u00facleo)<\/span><\/p>\n<\/li>\n<li data-start=\"797\" data-end=\"842\">\n<p data-start=\"799\" data-end=\"842\">L2: <span class=\"relative -mx-px my-[-0.2rem] rounded px-px py-[0.2rem] transition-colors duration-100 ease-in-out\">16 MB (1 MB por n\u00facleo)<\/span><\/p>\n<\/li>\n<li data-start=\"845\" data-end=\"890\">\n<p data-start=\"847\" data-end=\"890\">L3: <span class=\"relative -mx-px my-[-0.2rem] rounded px-px py-[0.2rem] transition-colors duration-100 ease-in-out\">64 MB (compartida)<\/span><\/p>\n<\/li>\n<\/ul>\n<\/li>\n<li data-start=\"891\" data-end=\"941\">\n<p data-start=\"893\" data-end=\"941\"><strong data-start=\"893\" data-end=\"900\">TDP<\/strong>: <span class=\"relative -mx-px my-[-0.2rem] rounded px-px py-[0.2rem] transition-colors duration-100 ease-in-out\">170 W<\/span><\/p>\n<\/li>\n<li data-start=\"942\" data-end=\"976\">\n<p data-start=\"944\" data-end=\"976\"><strong data-start=\"944\" data-end=\"970\">Proceso de fabricaci\u00f3n<\/strong>: 5 nm<\/p>\n<\/li>\n<li data-start=\"977\" data-end=\"1167\">\n<p data-start=\"979\" data-end=\"1043\"><strong data-start=\"979\" data-end=\"1002\">Gr\u00e1ficos integrados<\/strong>: <span class=\"relative -mx-px my-[-0.2rem] rounded px-px py-[0.2rem] transition-colors duration-100 ease-in-out\">AMD Radeon Graphics<\/span><\/p>\n<ul data-start=\"1046\" data-end=\"1167\">\n<li data-start=\"1046\" data-end=\"1104\">\n<p data-start=\"1048\" data-end=\"1104\">Frecuencia base: <span class=\"relative -mx-px my-[-0.2rem] rounded px-px py-[0.2rem] transition-colors duration-100 ease-in-out\">400 MHz<\/span><\/p>\n<\/li>\n<li data-start=\"1107\" data-end=\"1167\">\n<p data-start=\"1109\" data-end=\"1167\">Frecuencia m\u00e1xima: <span class=\"relative -mx-px my-[-0.2rem] rounded px-px py-[0.2rem] transition-colors duration-100 ease-in-out\">2.200 MHz<\/span><\/p>\n<\/li>\n<\/ul>\n<\/li>\n<li data-start=\"1168\" data-end=\"1357\">\n<p data-start=\"1170\" data-end=\"1192\"><strong data-start=\"1170\" data-end=\"1191\">Memoria soportada<\/strong>:<\/p>\n<ul data-start=\"1195\" data-end=\"1357\">\n<li data-start=\"1195\" data-end=\"1242\">\n<p data-start=\"1197\" data-end=\"1242\">Tipo: <span class=\"relative -mx-px my-[-0.2rem] rounded px-px py-[0.2rem] transition-colors duration-100 ease-in-out\">DDR5-5200<\/span><\/p>\n<\/li>\n<li data-start=\"1245\" data-end=\"1295\">\n<p data-start=\"1247\" data-end=\"1295\">Canales: <span class=\"relative -mx-px my-[-0.2rem] rounded px-px py-[0.2rem] transition-colors duration-100 ease-in-out\">2 (dual-channel)<\/span><\/p>\n<\/li>\n<li data-start=\"1298\" data-end=\"1357\">\n<p data-start=\"1300\" data-end=\"1357\">Capacidad m\u00e1xima: <span class=\"relative -mx-px my-[-0.2rem] rounded px-px py-[0.2rem] transition-colors duration-100 ease-in-out\">128 GB<\/span><\/p>\n<\/li>\n<\/ul>\n<\/li>\n<li data-start=\"1358\" data-end=\"1419\">\n<p data-start=\"1360\" data-end=\"1419\"><strong data-start=\"1360\" data-end=\"1378\">Compatibilidad<\/strong>: <span class=\"relative -mx-px my-[-0.2rem] rounded px-px py-[0.2rem] transition-colors duration-100 ease-in-out\">PCIe 5.0, ECC RAM, multiplicador desbloqueado<\/span><\/p>\n<\/li>\n<li data-start=\"1420\" data-end=\"1533\">\n<p data-start=\"1422\" data-end=\"1533\"><strong data-start=\"1422\" data-end=\"1453\">Caracter\u00edsticas adicionales<\/strong>: <span class=\"relative -mx-px my-[-0.2rem] rounded px-px py-[0.2rem] transition-colors duration-100 ease-in-out\">SMT, Precision Boost Overdrive, AMD EXPO, AVX-512, AES, AMD-<\/span><\/p>\n<\/li>\n<\/ul>\n","protected":false},"excerpt":{"rendered":"<p>El <strong data-start=\"3\" data-end=\"24\">AMD Ryzen 9 7950X<\/strong> es un procesador de alto rendimiento dise\u00f1ado para entusiastas, creadores de contenido y gamers exigentes. Con su arquitectura Zen 4 y soporte para tecnolog\u00edas de \u00faltima generaci\u00f3n como DDR5 y PCIe 5.0, ofrece un rendimiento excepcional en tareas intensivas y juegos de alta gama.<\/p>\n","protected":false},"featured_media":2163,"comment_status":"open","ping_status":"closed","template":"","meta":{"_bst_post_transparent":"default","_bst_post_title":"","_bst_post_layout":"default","_bst_post_sidebar_id":"","_bst_post_content_style":"default","_bst_post_vertical_padding":"default","_bst_post_feature":"","_bst_post_feature_position":"","_bst_post_header":false,"_bst_post_footer":false},"product_brand":[],"product_cat":[138],"product_tag":[],"product_brands":[],"class_list":{"0":"post-2162","1":"product","2":"type-product","3":"status-publish","4":"has-post-thumbnail","6":"product_cat-procesadores","8":"first","9":"instock","10":"sale","11":"shipping-taxable","12":"purchasable","13":"product-type-simple","14":"entry","15":"content-bg","16":"loop-entry"},"yoast_head":"<!-- This site is optimized with the Yoast SEO plugin v25.1 - https:\/\/yoast.com\/wordpress\/plugins\/seo\/ -->\n<title>AMD Ryzen 9 7950X \u2013 Procesador de Alto Rendimiento - SoftDrop<\/title>\n<meta name=\"robots\" content=\"index, follow, max-snippet:-1, max-image-preview:large, max-video-preview:-1\" \/>\n<link rel=\"canonical\" href=\"https:\/\/softdrop.es\/?product=amd-ryzen-9-7950x-procesador-de-alto-rendimiento\" \/>\n<meta property=\"og:locale\" content=\"es_ES\" \/>\n<meta property=\"og:type\" content=\"article\" \/>\n<meta property=\"og:title\" content=\"AMD Ryzen 9 7950X \u2013 Procesador de Alto Rendimiento - SoftDrop\" \/>\n<meta property=\"og:description\" content=\"El AMD Ryzen 9 7950X es un procesador de alto rendimiento dise\u00f1ado para entusiastas, creadores de contenido y gamers exigentes. Con su arquitectura Zen 4 y soporte para tecnolog\u00edas de \u00faltima generaci\u00f3n como DDR5 y PCIe 5.0, ofrece un rendimiento excepcional en tareas intensivas y juegos de alta gama.\" \/>\n<meta property=\"og:url\" content=\"https:\/\/softdrop.es\/?product=amd-ryzen-9-7950x-procesador-de-alto-rendimiento\" \/>\n<meta property=\"og:site_name\" content=\"SoftDrop\" \/>\n<meta property=\"article:modified_time\" content=\"2025-05-23T19:12:34+00:00\" \/>\n<meta property=\"og:image\" content=\"https:\/\/softdrop.es\/wp-content\/uploads\/2025\/05\/gfdsg.png\" \/>\n\t<meta property=\"og:image:width\" content=\"1260\" \/>\n\t<meta property=\"og:image:height\" content=\"709\" \/>\n\t<meta property=\"og:image:type\" content=\"image\/png\" \/>\n<meta name=\"twitter:card\" content=\"summary_large_image\" \/>\n<meta name=\"twitter:label1\" content=\"Tiempo de lectura\" \/>\n\t<meta name=\"twitter:data1\" content=\"1 minuto\" \/>\n<script type=\"application\/ld+json\" class=\"yoast-schema-graph\">{\"@context\":\"https:\/\/schema.org\",\"@graph\":[{\"@type\":\"WebPage\",\"@id\":\"https:\/\/softdrop.es\/?product=amd-ryzen-9-7950x-procesador-de-alto-rendimiento\",\"url\":\"https:\/\/softdrop.es\/?product=amd-ryzen-9-7950x-procesador-de-alto-rendimiento\",\"name\":\"AMD Ryzen 9 7950X \u2013 Procesador de Alto Rendimiento - SoftDrop\",\"isPartOf\":{\"@id\":\"http:\/\/softdrop.es\/#website\"},\"primaryImageOfPage\":{\"@id\":\"https:\/\/softdrop.es\/?product=amd-ryzen-9-7950x-procesador-de-alto-rendimiento#primaryimage\"},\"image\":{\"@id\":\"https:\/\/softdrop.es\/?product=amd-ryzen-9-7950x-procesador-de-alto-rendimiento#primaryimage\"},\"thumbnailUrl\":\"https:\/\/softdrop.es\/wp-content\/uploads\/2025\/05\/gfdsg.png\",\"datePublished\":\"2025-05-23T19:11:22+00:00\",\"dateModified\":\"2025-05-23T19:12:34+00:00\",\"breadcrumb\":{\"@id\":\"https:\/\/softdrop.es\/?product=amd-ryzen-9-7950x-procesador-de-alto-rendimiento#breadcrumb\"},\"inLanguage\":\"es\",\"potentialAction\":[{\"@type\":\"ReadAction\",\"target\":[\"https:\/\/softdrop.es\/?product=amd-ryzen-9-7950x-procesador-de-alto-rendimiento\"]}]},{\"@type\":\"ImageObject\",\"inLanguage\":\"es\",\"@id\":\"https:\/\/softdrop.es\/?product=amd-ryzen-9-7950x-procesador-de-alto-rendimiento#primaryimage\",\"url\":\"https:\/\/softdrop.es\/wp-content\/uploads\/2025\/05\/gfdsg.png\",\"contentUrl\":\"https:\/\/softdrop.es\/wp-content\/uploads\/2025\/05\/gfdsg.png\",\"width\":1260,\"height\":709},{\"@type\":\"BreadcrumbList\",\"@id\":\"https:\/\/softdrop.es\/?product=amd-ryzen-9-7950x-procesador-de-alto-rendimiento#breadcrumb\",\"itemListElement\":[{\"@type\":\"ListItem\",\"position\":1,\"name\":\"Home\",\"item\":\"https:\/\/softdrop.es\/\"},{\"@type\":\"ListItem\",\"position\":2,\"name\":\"tienda\",\"item\":\"https:\/\/softdrop.es\/?page_id=5\"},{\"@type\":\"ListItem\",\"position\":3,\"name\":\"AMD Ryzen 9 7950X \u2013 Procesador de Alto Rendimiento\"}]},{\"@type\":\"WebSite\",\"@id\":\"http:\/\/softdrop.es\/#website\",\"url\":\"http:\/\/softdrop.es\/\",\"name\":\"SoftDrop\",\"description\":\"\",\"publisher\":{\"@id\":\"http:\/\/softdrop.es\/#organization\"},\"potentialAction\":[{\"@type\":\"SearchAction\",\"target\":{\"@type\":\"EntryPoint\",\"urlTemplate\":\"http:\/\/softdrop.es\/?s={search_term_string}\"},\"query-input\":{\"@type\":\"PropertyValueSpecification\",\"valueRequired\":true,\"valueName\":\"search_term_string\"}}],\"inLanguage\":\"es\"},{\"@type\":\"Organization\",\"@id\":\"http:\/\/softdrop.es\/#organization\",\"name\":\"SoftDrop\",\"url\":\"http:\/\/softdrop.es\/\",\"logo\":{\"@type\":\"ImageObject\",\"inLanguage\":\"es\",\"@id\":\"http:\/\/softdrop.es\/#\/schema\/logo\/image\/\",\"url\":\"https:\/\/softdrop.es\/wp-content\/uploads\/2025\/05\/cropped-softdropLogo.png\",\"contentUrl\":\"https:\/\/softdrop.es\/wp-content\/uploads\/2025\/05\/cropped-softdropLogo.png\",\"width\":957,\"height\":382,\"caption\":\"SoftDrop\"},\"image\":{\"@id\":\"http:\/\/softdrop.es\/#\/schema\/logo\/image\/\"}}]}<\/script>\n<!-- \/ Yoast SEO plugin. -->","yoast_head_json":{"title":"AMD Ryzen 9 7950X \u2013 Procesador de Alto Rendimiento - SoftDrop","robots":{"index":"index","follow":"follow","max-snippet":"max-snippet:-1","max-image-preview":"max-image-preview:large","max-video-preview":"max-video-preview:-1"},"canonical":"https:\/\/softdrop.es\/?product=amd-ryzen-9-7950x-procesador-de-alto-rendimiento","og_locale":"es_ES","og_type":"article","og_title":"AMD Ryzen 9 7950X \u2013 Procesador de Alto Rendimiento - SoftDrop","og_description":"El AMD Ryzen 9 7950X es un procesador de alto rendimiento dise\u00f1ado para entusiastas, creadores de contenido y gamers exigentes. Con su arquitectura Zen 4 y soporte para tecnolog\u00edas de \u00faltima generaci\u00f3n como DDR5 y PCIe 5.0, ofrece un rendimiento excepcional en tareas intensivas y juegos de alta gama.","og_url":"https:\/\/softdrop.es\/?product=amd-ryzen-9-7950x-procesador-de-alto-rendimiento","og_site_name":"SoftDrop","article_modified_time":"2025-05-23T19:12:34+00:00","og_image":[{"width":1260,"height":709,"url":"https:\/\/softdrop.es\/wp-content\/uploads\/2025\/05\/gfdsg.png","type":"image\/png"}],"twitter_card":"summary_large_image","twitter_misc":{"Tiempo de lectura":"1 minuto"},"schema":{"@context":"https:\/\/schema.org","@graph":[{"@type":"WebPage","@id":"https:\/\/softdrop.es\/?product=amd-ryzen-9-7950x-procesador-de-alto-rendimiento","url":"https:\/\/softdrop.es\/?product=amd-ryzen-9-7950x-procesador-de-alto-rendimiento","name":"AMD Ryzen 9 7950X \u2013 Procesador de Alto Rendimiento - SoftDrop","isPartOf":{"@id":"http:\/\/softdrop.es\/#website"},"primaryImageOfPage":{"@id":"https:\/\/softdrop.es\/?product=amd-ryzen-9-7950x-procesador-de-alto-rendimiento#primaryimage"},"image":{"@id":"https:\/\/softdrop.es\/?product=amd-ryzen-9-7950x-procesador-de-alto-rendimiento#primaryimage"},"thumbnailUrl":"https:\/\/softdrop.es\/wp-content\/uploads\/2025\/05\/gfdsg.png","datePublished":"2025-05-23T19:11:22+00:00","dateModified":"2025-05-23T19:12:34+00:00","breadcrumb":{"@id":"https:\/\/softdrop.es\/?product=amd-ryzen-9-7950x-procesador-de-alto-rendimiento#breadcrumb"},"inLanguage":"es","potentialAction":[{"@type":"ReadAction","target":["https:\/\/softdrop.es\/?product=amd-ryzen-9-7950x-procesador-de-alto-rendimiento"]}]},{"@type":"ImageObject","inLanguage":"es","@id":"https:\/\/softdrop.es\/?product=amd-ryzen-9-7950x-procesador-de-alto-rendimiento#primaryimage","url":"https:\/\/softdrop.es\/wp-content\/uploads\/2025\/05\/gfdsg.png","contentUrl":"https:\/\/softdrop.es\/wp-content\/uploads\/2025\/05\/gfdsg.png","width":1260,"height":709},{"@type":"BreadcrumbList","@id":"https:\/\/softdrop.es\/?product=amd-ryzen-9-7950x-procesador-de-alto-rendimiento#breadcrumb","itemListElement":[{"@type":"ListItem","position":1,"name":"Home","item":"https:\/\/softdrop.es\/"},{"@type":"ListItem","position":2,"name":"tienda","item":"https:\/\/softdrop.es\/?page_id=5"},{"@type":"ListItem","position":3,"name":"AMD Ryzen 9 7950X \u2013 Procesador de Alto Rendimiento"}]},{"@type":"WebSite","@id":"http:\/\/softdrop.es\/#website","url":"http:\/\/softdrop.es\/","name":"SoftDrop","description":"","publisher":{"@id":"http:\/\/softdrop.es\/#organization"},"potentialAction":[{"@type":"SearchAction","target":{"@type":"EntryPoint","urlTemplate":"http:\/\/softdrop.es\/?s={search_term_string}"},"query-input":{"@type":"PropertyValueSpecification","valueRequired":true,"valueName":"search_term_string"}}],"inLanguage":"es"},{"@type":"Organization","@id":"http:\/\/softdrop.es\/#organization","name":"SoftDrop","url":"http:\/\/softdrop.es\/","logo":{"@type":"ImageObject","inLanguage":"es","@id":"http:\/\/softdrop.es\/#\/schema\/logo\/image\/","url":"https:\/\/softdrop.es\/wp-content\/uploads\/2025\/05\/cropped-softdropLogo.png","contentUrl":"https:\/\/softdrop.es\/wp-content\/uploads\/2025\/05\/cropped-softdropLogo.png","width":957,"height":382,"caption":"SoftDrop"},"image":{"@id":"http:\/\/softdrop.es\/#\/schema\/logo\/image\/"}}]}},"_links":{"self":[{"href":"https:\/\/softdrop.es\/index.php?rest_route=\/wp\/v2\/product\/2162","targetHints":{"allow":["GET"]}}],"collection":[{"href":"https:\/\/softdrop.es\/index.php?rest_route=\/wp\/v2\/product"}],"about":[{"href":"https:\/\/softdrop.es\/index.php?rest_route=\/wp\/v2\/types\/product"}],"replies":[{"embeddable":true,"href":"https:\/\/softdrop.es\/index.php?rest_route=%2Fwp%2Fv2%2Fcomments&post=2162"}],"wp:featuredmedia":[{"embeddable":true,"href":"https:\/\/softdrop.es\/index.php?rest_route=\/wp\/v2\/media\/2163"}],"wp:attachment":[{"href":"https:\/\/softdrop.es\/index.php?rest_route=%2Fwp%2Fv2%2Fmedia&parent=2162"}],"wp:term":[{"taxonomy":"product_brand","embeddable":true,"href":"https:\/\/softdrop.es\/index.php?rest_route=%2Fwp%2Fv2%2Fproduct_brand&post=2162"},{"taxonomy":"product_cat","embeddable":true,"href":"https:\/\/softdrop.es\/index.php?rest_route=%2Fwp%2Fv2%2Fproduct_cat&post=2162"},{"taxonomy":"product_tag","embeddable":true,"href":"https:\/\/softdrop.es\/index.php?rest_route=%2Fwp%2Fv2%2Fproduct_tag&post=2162"},{"taxonomy":"product_brands","embeddable":true,"href":"https:\/\/softdrop.es\/index.php?rest_route=%2Fwp%2Fv2%2Fproduct_brands&post=2162"}],"curies":[{"name":"wp","href":"https:\/\/api.w.org\/{rel}","templated":true}]}}