{"id":2108,"date":"2025-05-23T14:37:08","date_gmt":"2025-05-23T14:37:08","guid":{"rendered":"https:\/\/softdrop.es\/?post_type=product&#038;p=2108"},"modified":"2025-05-23T14:37:08","modified_gmt":"2025-05-23T14:37:08","slug":"ssd-portatil-samsung-t7-de-1tb","status":"publish","type":"product","link":"https:\/\/softdrop.es\/?product=ssd-portatil-samsung-t7-de-1tb","title":{"rendered":"SSD port\u00e1til Samsung T7 de 1TB"},"content":{"rendered":"<p data-start=\"452\" data-end=\"853\">El <strong data-start=\"455\" data-end=\"489\">Samsung Portable SSD T7 de 1TB<\/strong> redefine el almacenamiento port\u00e1til combinando rendimiento de vanguardia con un dise\u00f1o elegante y resistente. Con velocidades de lectura\/escritura de hasta <strong data-start=\"646\" data-end=\"659\">1050 MB\/s<\/strong> y <strong data-start=\"662\" data-end=\"675\">1000 MB\/s<\/strong> respectivamente, gracias a su conexi\u00f3n USB 3.2 Gen 2 y tecnolog\u00eda NVMe, es ideal para transferencias r\u00e1pidas de grandes archivos como v\u00eddeos 4K, fotos RAW o proyectos de dise\u00f1o.<\/p>\n<p data-start=\"855\" data-end=\"1115\">Su carcasa de <strong data-start=\"869\" data-end=\"888\">aluminio s\u00f3lido<\/strong> no solo disipa el calor de forma eficiente, sino que tambi\u00e9n protege contra ca\u00eddas de hasta 2 metros. Incluye cifrado AES de 256 bits para mantener tus datos seguros. Es compatible con PC, Mac, dispositivos Android y consolas.<\/p>\n<p data-start=\"1117\" data-end=\"1243\">Perfecto para fot\u00f3grafos, creadores de contenido, gamers y cualquier usuario que necesite velocidad, seguridad y portabilidad.<\/p>\n<hr data-start=\"1245\" data-end=\"1248\" \/>\n<h3 data-start=\"1250\" data-end=\"1286\">\ud83d\udd27 <strong data-start=\"1257\" data-end=\"1286\">Especificaciones T\u00e9cnicas<\/strong><\/h3>\n<ul data-start=\"1288\" data-end=\"1779\">\n<li data-start=\"1288\" data-end=\"1310\">\n<p data-start=\"1290\" data-end=\"1310\"><strong data-start=\"1290\" data-end=\"1303\">Capacidad<\/strong>: 1TB<\/p>\n<\/li>\n<li data-start=\"1311\" data-end=\"1385\">\n<p data-start=\"1313\" data-end=\"1385\"><strong data-start=\"1313\" data-end=\"1325\">Interfaz<\/strong>: USB 3.2 Gen 2 (USB-C), retrocompatible con USB 3.0 y 2.0<\/p>\n<\/li>\n<li data-start=\"1386\" data-end=\"1431\">\n<p data-start=\"1388\" data-end=\"1431\"><strong data-start=\"1388\" data-end=\"1412\">Velocidad de lectura<\/strong>: Hasta 1050 MB\/s<\/p>\n<\/li>\n<li data-start=\"1432\" data-end=\"1479\">\n<p data-start=\"1434\" data-end=\"1479\"><strong data-start=\"1434\" data-end=\"1460\">Velocidad de escritura<\/strong>: Hasta 1000 MB\/s<\/p>\n<\/li>\n<li data-start=\"1480\" data-end=\"1520\">\n<p data-start=\"1482\" data-end=\"1520\"><strong data-start=\"1482\" data-end=\"1508\">Tipo de almacenamiento<\/strong>: SSD NVMe<\/p>\n<\/li>\n<li data-start=\"1521\" data-end=\"1550\">\n<p data-start=\"1523\" data-end=\"1550\"><strong data-start=\"1523\" data-end=\"1534\">Cifrado<\/strong>: AES 256 bits<\/p>\n<\/li>\n<li data-start=\"1551\" data-end=\"1617\">\n<p data-start=\"1553\" data-end=\"1617\"><strong data-start=\"1553\" data-end=\"1571\">Compatibilidad<\/strong>: Windows, macOS, Android, PlayStation, Xbox<\/p>\n<\/li>\n<li data-start=\"1618\" data-end=\"1653\">\n<p data-start=\"1620\" data-end=\"1653\"><strong data-start=\"1620\" data-end=\"1635\">Dimensiones<\/strong>: 85 x 57 x 8 mm<\/p>\n<\/li>\n<li data-start=\"1654\" data-end=\"1677\">\n<p data-start=\"1656\" data-end=\"1677\"><strong data-start=\"1656\" data-end=\"1664\">Peso<\/strong>: 58 gramos<\/p>\n<\/li>\n<li data-start=\"1678\" data-end=\"1726\">\n<p data-start=\"1680\" data-end=\"1726\"><strong data-start=\"1680\" data-end=\"1703\">Material del cuerpo<\/strong>: Aluminio resistente<\/p>\n<\/li>\n<li data-start=\"1727\" data-end=\"1779\">\n<p data-start=\"1729\" data-end=\"1779\"><strong data-start=\"1729\" data-end=\"1752\">Colores disponibles<\/strong>: Azul, Rojo, Gris oscuro<\/p>\n<\/li>\n<\/ul>\n<hr data-start=\"1781\" data-end=\"1784\" \/>\n","protected":false},"excerpt":{"rendered":"<p>R\u00e1pido, compacto y seguro. El SSD port\u00e1til Samsung T7 de 1TB ofrece velocidades de transferencia ultrarr\u00e1pidas y protecci\u00f3n avanzada en un dise\u00f1o met\u00e1lico resistente, ideal para profesionales en movimiento.<\/p>\n","protected":false},"featured_media":2111,"comment_status":"open","ping_status":"closed","template":"","meta":{"_bst_post_transparent":"default","_bst_post_title":"","_bst_post_layout":"default","_bst_post_sidebar_id":"","_bst_post_content_style":"default","_bst_post_vertical_padding":"default","_bst_post_feature":"","_bst_post_feature_position":"","_bst_post_header":false,"_bst_post_footer":false},"product_brand":[],"product_cat":[134],"product_tag":[],"product_brands":[],"class_list":{"0":"post-2108","1":"product","2":"type-product","3":"status-publish","4":"has-post-thumbnail","6":"product_cat-almacenamiento-externo","8":"first","9":"instock","10":"sale","11":"shipping-taxable","12":"purchasable","13":"product-type-simple","14":"entry","15":"content-bg","16":"loop-entry"},"yoast_head":"<!-- This site is optimized with the Yoast SEO plugin v25.1 - https:\/\/yoast.com\/wordpress\/plugins\/seo\/ -->\n<title>SSD port\u00e1til Samsung T7 de 1TB - SoftDrop<\/title>\n<meta name=\"robots\" content=\"index, follow, max-snippet:-1, max-image-preview:large, max-video-preview:-1\" \/>\n<link rel=\"canonical\" href=\"https:\/\/softdrop.es\/?product=ssd-portatil-samsung-t7-de-1tb\" \/>\n<meta property=\"og:locale\" content=\"es_ES\" \/>\n<meta property=\"og:type\" content=\"article\" \/>\n<meta property=\"og:title\" content=\"SSD port\u00e1til Samsung T7 de 1TB - SoftDrop\" \/>\n<meta property=\"og:description\" content=\"R\u00e1pido, compacto y seguro. El SSD port\u00e1til Samsung T7 de 1TB ofrece velocidades de transferencia ultrarr\u00e1pidas y protecci\u00f3n avanzada en un dise\u00f1o met\u00e1lico resistente, ideal para profesionales en movimiento.\" \/>\n<meta property=\"og:url\" content=\"https:\/\/softdrop.es\/?product=ssd-portatil-samsung-t7-de-1tb\" \/>\n<meta property=\"og:site_name\" content=\"SoftDrop\" \/>\n<meta property=\"og:image\" content=\"https:\/\/softdrop.es\/wp-content\/uploads\/2025\/05\/f3431cfeade696e405467364ccba9de1326273c0_MU_PC1T0TWW_04.jpg\" \/>\n\t<meta property=\"og:image:width\" content=\"1600\" \/>\n\t<meta property=\"og:image:height\" content=\"1200\" \/>\n\t<meta property=\"og:image:type\" content=\"image\/jpeg\" \/>\n<meta name=\"twitter:card\" content=\"summary_large_image\" \/>\n<meta name=\"twitter:label1\" content=\"Tiempo de lectura\" \/>\n\t<meta name=\"twitter:data1\" content=\"2 minutos\" \/>\n<script type=\"application\/ld+json\" class=\"yoast-schema-graph\">{\"@context\":\"https:\/\/schema.org\",\"@graph\":[{\"@type\":\"WebPage\",\"@id\":\"https:\/\/softdrop.es\/?product=ssd-portatil-samsung-t7-de-1tb\",\"url\":\"https:\/\/softdrop.es\/?product=ssd-portatil-samsung-t7-de-1tb\",\"name\":\"SSD port\u00e1til Samsung T7 de 1TB - SoftDrop\",\"isPartOf\":{\"@id\":\"http:\/\/softdrop.es\/#website\"},\"primaryImageOfPage\":{\"@id\":\"https:\/\/softdrop.es\/?product=ssd-portatil-samsung-t7-de-1tb#primaryimage\"},\"image\":{\"@id\":\"https:\/\/softdrop.es\/?product=ssd-portatil-samsung-t7-de-1tb#primaryimage\"},\"thumbnailUrl\":\"https:\/\/softdrop.es\/wp-content\/uploads\/2025\/05\/f3431cfeade696e405467364ccba9de1326273c0_MU_PC1T0TWW_04.jpg\",\"datePublished\":\"2025-05-23T14:37:08+00:00\",\"breadcrumb\":{\"@id\":\"https:\/\/softdrop.es\/?product=ssd-portatil-samsung-t7-de-1tb#breadcrumb\"},\"inLanguage\":\"es\",\"potentialAction\":[{\"@type\":\"ReadAction\",\"target\":[\"https:\/\/softdrop.es\/?product=ssd-portatil-samsung-t7-de-1tb\"]}]},{\"@type\":\"ImageObject\",\"inLanguage\":\"es\",\"@id\":\"https:\/\/softdrop.es\/?product=ssd-portatil-samsung-t7-de-1tb#primaryimage\",\"url\":\"https:\/\/softdrop.es\/wp-content\/uploads\/2025\/05\/f3431cfeade696e405467364ccba9de1326273c0_MU_PC1T0TWW_04.jpg\",\"contentUrl\":\"https:\/\/softdrop.es\/wp-content\/uploads\/2025\/05\/f3431cfeade696e405467364ccba9de1326273c0_MU_PC1T0TWW_04.jpg\",\"width\":1600,\"height\":1200},{\"@type\":\"BreadcrumbList\",\"@id\":\"https:\/\/softdrop.es\/?product=ssd-portatil-samsung-t7-de-1tb#breadcrumb\",\"itemListElement\":[{\"@type\":\"ListItem\",\"position\":1,\"name\":\"Home\",\"item\":\"https:\/\/softdrop.es\/\"},{\"@type\":\"ListItem\",\"position\":2,\"name\":\"tienda\",\"item\":\"https:\/\/softdrop.es\/?page_id=5\"},{\"@type\":\"ListItem\",\"position\":3,\"name\":\"SSD port\u00e1til Samsung T7 de 1TB\"}]},{\"@type\":\"WebSite\",\"@id\":\"http:\/\/softdrop.es\/#website\",\"url\":\"http:\/\/softdrop.es\/\",\"name\":\"SoftDrop\",\"description\":\"\",\"publisher\":{\"@id\":\"http:\/\/softdrop.es\/#organization\"},\"potentialAction\":[{\"@type\":\"SearchAction\",\"target\":{\"@type\":\"EntryPoint\",\"urlTemplate\":\"http:\/\/softdrop.es\/?s={search_term_string}\"},\"query-input\":{\"@type\":\"PropertyValueSpecification\",\"valueRequired\":true,\"valueName\":\"search_term_string\"}}],\"inLanguage\":\"es\"},{\"@type\":\"Organization\",\"@id\":\"http:\/\/softdrop.es\/#organization\",\"name\":\"SoftDrop\",\"url\":\"http:\/\/softdrop.es\/\",\"logo\":{\"@type\":\"ImageObject\",\"inLanguage\":\"es\",\"@id\":\"http:\/\/softdrop.es\/#\/schema\/logo\/image\/\",\"url\":\"https:\/\/softdrop.es\/wp-content\/uploads\/2025\/05\/cropped-softdropLogo.png\",\"contentUrl\":\"https:\/\/softdrop.es\/wp-content\/uploads\/2025\/05\/cropped-softdropLogo.png\",\"width\":957,\"height\":382,\"caption\":\"SoftDrop\"},\"image\":{\"@id\":\"http:\/\/softdrop.es\/#\/schema\/logo\/image\/\"}}]}<\/script>\n<!-- \/ Yoast SEO plugin. -->","yoast_head_json":{"title":"SSD port\u00e1til Samsung T7 de 1TB - SoftDrop","robots":{"index":"index","follow":"follow","max-snippet":"max-snippet:-1","max-image-preview":"max-image-preview:large","max-video-preview":"max-video-preview:-1"},"canonical":"https:\/\/softdrop.es\/?product=ssd-portatil-samsung-t7-de-1tb","og_locale":"es_ES","og_type":"article","og_title":"SSD port\u00e1til Samsung T7 de 1TB - SoftDrop","og_description":"R\u00e1pido, compacto y seguro. El SSD port\u00e1til Samsung T7 de 1TB ofrece velocidades de transferencia ultrarr\u00e1pidas y protecci\u00f3n avanzada en un dise\u00f1o met\u00e1lico resistente, ideal para profesionales en movimiento.","og_url":"https:\/\/softdrop.es\/?product=ssd-portatil-samsung-t7-de-1tb","og_site_name":"SoftDrop","og_image":[{"width":1600,"height":1200,"url":"https:\/\/softdrop.es\/wp-content\/uploads\/2025\/05\/f3431cfeade696e405467364ccba9de1326273c0_MU_PC1T0TWW_04.jpg","type":"image\/jpeg"}],"twitter_card":"summary_large_image","twitter_misc":{"Tiempo de lectura":"2 minutos"},"schema":{"@context":"https:\/\/schema.org","@graph":[{"@type":"WebPage","@id":"https:\/\/softdrop.es\/?product=ssd-portatil-samsung-t7-de-1tb","url":"https:\/\/softdrop.es\/?product=ssd-portatil-samsung-t7-de-1tb","name":"SSD port\u00e1til Samsung T7 de 1TB - SoftDrop","isPartOf":{"@id":"http:\/\/softdrop.es\/#website"},"primaryImageOfPage":{"@id":"https:\/\/softdrop.es\/?product=ssd-portatil-samsung-t7-de-1tb#primaryimage"},"image":{"@id":"https:\/\/softdrop.es\/?product=ssd-portatil-samsung-t7-de-1tb#primaryimage"},"thumbnailUrl":"https:\/\/softdrop.es\/wp-content\/uploads\/2025\/05\/f3431cfeade696e405467364ccba9de1326273c0_MU_PC1T0TWW_04.jpg","datePublished":"2025-05-23T14:37:08+00:00","breadcrumb":{"@id":"https:\/\/softdrop.es\/?product=ssd-portatil-samsung-t7-de-1tb#breadcrumb"},"inLanguage":"es","potentialAction":[{"@type":"ReadAction","target":["https:\/\/softdrop.es\/?product=ssd-portatil-samsung-t7-de-1tb"]}]},{"@type":"ImageObject","inLanguage":"es","@id":"https:\/\/softdrop.es\/?product=ssd-portatil-samsung-t7-de-1tb#primaryimage","url":"https:\/\/softdrop.es\/wp-content\/uploads\/2025\/05\/f3431cfeade696e405467364ccba9de1326273c0_MU_PC1T0TWW_04.jpg","contentUrl":"https:\/\/softdrop.es\/wp-content\/uploads\/2025\/05\/f3431cfeade696e405467364ccba9de1326273c0_MU_PC1T0TWW_04.jpg","width":1600,"height":1200},{"@type":"BreadcrumbList","@id":"https:\/\/softdrop.es\/?product=ssd-portatil-samsung-t7-de-1tb#breadcrumb","itemListElement":[{"@type":"ListItem","position":1,"name":"Home","item":"https:\/\/softdrop.es\/"},{"@type":"ListItem","position":2,"name":"tienda","item":"https:\/\/softdrop.es\/?page_id=5"},{"@type":"ListItem","position":3,"name":"SSD port\u00e1til Samsung T7 de 1TB"}]},{"@type":"WebSite","@id":"http:\/\/softdrop.es\/#website","url":"http:\/\/softdrop.es\/","name":"SoftDrop","description":"","publisher":{"@id":"http:\/\/softdrop.es\/#organization"},"potentialAction":[{"@type":"SearchAction","target":{"@type":"EntryPoint","urlTemplate":"http:\/\/softdrop.es\/?s={search_term_string}"},"query-input":{"@type":"PropertyValueSpecification","valueRequired":true,"valueName":"search_term_string"}}],"inLanguage":"es"},{"@type":"Organization","@id":"http:\/\/softdrop.es\/#organization","name":"SoftDrop","url":"http:\/\/softdrop.es\/","logo":{"@type":"ImageObject","inLanguage":"es","@id":"http:\/\/softdrop.es\/#\/schema\/logo\/image\/","url":"https:\/\/softdrop.es\/wp-content\/uploads\/2025\/05\/cropped-softdropLogo.png","contentUrl":"https:\/\/softdrop.es\/wp-content\/uploads\/2025\/05\/cropped-softdropLogo.png","width":957,"height":382,"caption":"SoftDrop"},"image":{"@id":"http:\/\/softdrop.es\/#\/schema\/logo\/image\/"}}]}},"_links":{"self":[{"href":"https:\/\/softdrop.es\/index.php?rest_route=\/wp\/v2\/product\/2108","targetHints":{"allow":["GET"]}}],"collection":[{"href":"https:\/\/softdrop.es\/index.php?rest_route=\/wp\/v2\/product"}],"about":[{"href":"https:\/\/softdrop.es\/index.php?rest_route=\/wp\/v2\/types\/product"}],"replies":[{"embeddable":true,"href":"https:\/\/softdrop.es\/index.php?rest_route=%2Fwp%2Fv2%2Fcomments&post=2108"}],"wp:featuredmedia":[{"embeddable":true,"href":"https:\/\/softdrop.es\/index.php?rest_route=\/wp\/v2\/media\/2111"}],"wp:attachment":[{"href":"https:\/\/softdrop.es\/index.php?rest_route=%2Fwp%2Fv2%2Fmedia&parent=2108"}],"wp:term":[{"taxonomy":"product_brand","embeddable":true,"href":"https:\/\/softdrop.es\/index.php?rest_route=%2Fwp%2Fv2%2Fproduct_brand&post=2108"},{"taxonomy":"product_cat","embeddable":true,"href":"https:\/\/softdrop.es\/index.php?rest_route=%2Fwp%2Fv2%2Fproduct_cat&post=2108"},{"taxonomy":"product_tag","embeddable":true,"href":"https:\/\/softdrop.es\/index.php?rest_route=%2Fwp%2Fv2%2Fproduct_tag&post=2108"},{"taxonomy":"product_brands","embeddable":true,"href":"https:\/\/softdrop.es\/index.php?rest_route=%2Fwp%2Fv2%2Fproduct_brands&post=2108"}],"curies":[{"name":"wp","href":"https:\/\/api.w.org\/{rel}","templated":true}]}}